12*d - 11. Let m be p(11). Let o = m - c. What are the prime factors of o?
3
Let s = -24 + 36. Suppose 0 = 4*v - 0 - 8. Suppose -s = -v*k - 0*k. List the prime factors of k.
2, 3
Suppose 20 = 3*j + j. Suppose 3*l + j*s = 56, 3*s = -2*s + 20. Let b = 17 - l. What are the prime factors of b?
5
Suppose 2*r - 92 = -2*r. What are the prime factors of r?
23
Let v = -1 - 5. List the prime factors of (-432)/32*16/v.
2, 3
Suppose 4*b - 5*m - 629 - 150 = 0, 3*b = -5*m + 558. What are the prime factors of b?
191
Suppose 0 = 10*f - 6*f - 108. What are the prime factors of f?
3
Let u(m) = m**2 + 2*m + 86. List the prime factors of u(0).
2, 43
Suppose -5*a = -4*a - 4*y - 26, 0 = -3*a + 5*y + 106. What are the prime factors of a?
2, 3, 7
Let g(d) = d**2 - 3*d - 12. What are the prime factors of g(6)?
2, 3
Let t = -8 + 11. Let i be t + (104 - 2/1). Suppose 10*r - i = 5*r. What are the prime factors of r?
3, 7
Let p = 18 - 22. List the prime factors of (p/6)/(5/(-75)).
2, 5
Let m(p) = 7*p - 1. Let a be m(-2). What are the prime factors of -5*-2*(-42)/a?
2, 7
Suppose -22*k = -23*k + 206. What are the prime factors of k?
2, 103
Let z(v) = 9*v - 21. Let i(b) = -4*b + 10. Let s(t) = 7*i(t) + 3*z(t). Let g(h) = 2*h - 5. Let q be g(-3). What are the prime factors of s(q)?
2, 3
Let o(g) = -g**2 - 7*g - 11. Let h be o(-5). List the prime factors of 32 - (0 - (h - -3)).
2, 17
Let t = 31 - -23. Let d = -32 + t. What are the prime factors of d?
2, 11
Let o be (-1 + 2)/1 + -4. Let s = 5 + o. List the prime factors of s.
2
Let o = -10 + 72. List the prime factors of o.
2, 31
What are the prime factors of 1/3*(669 - 30)?
3, 71
Let v(t) = 58*t + 3. What are the prime factors of v(1)?
61
Suppose 5*m + 46 - 6 = 0. Let z = -4 - m. List the prime factors of z.
2
Let j = -1 - 2. List the prime factors of (j/4)/((-2)/8).
3
Let j(k) = 7*k**2 + 1. Let h be j(1). List the prime factors of (h/4)/(4/90).
3, 5
Suppose 0 = -2*z - 2*z + 168. What are the prime factors of (-206)/(-6) - (-28)/z?
5, 7
Suppose 5*x = i - 18, 2*x + 12 = 4*i - 3*x. Let b be 1 + 3/(-3) - i. What are the prime factors of (6/(-8))/(b/(-24))?
3
Let l(d) = 5*d**3 + 5*d**2 - 2*d + 4. Let x(a) = a**3 - a**2 + 1. Let s(y) = l(y) - 4*x(y). What are the prime factors of s(-9)?
2, 3
Let r = 1 - 1. Suppose r = 3*t - 2 - 1. Suppose -13 = -3*l + 2*u, 0 = -l + u + u - t. List the prime factors of l.
7
Let p(y) = -4*y**3 - 5*y**2 - 5*y - 6. List the prime factors of p(-3).
2, 3
Let c be 1/(-1 - -2) - -8. Suppose -v = 4*r - c, -3*v - 4*r + 25 = -10. List the prime factors of v.
13
Suppose -2*v + 3*v + 3*a - 6 = 0, v - 9 = -4*a. List the prime factors of (-4)/(-2) - (v + -4).
3
Suppose -4 - 22 = -2*j. Let h = 18 - j. Suppose 5*x + h*a = 85, 0 = x - a + 1 - 8. What are the prime factors of x?
2, 3
Suppose -24 - 4 = -2*s. Suppose -3*f - 1 = s. Let p = f + 7. List the prime factors of p.
2
Suppose 4*r = -3*p + 110 + 27, 3*r + 165 = 3*p. What are the prime factors of p?
3, 17
Suppose -4*o + 114 = 2*m, 0*o = -2*o - 4*m + 60. Let t = o + -15. List the prime factors of t.
13
Let p be 6 - (5 + -2) - -1. Suppose u = -m + 3, -p - 1 = -u - 3*m. Suppose n - 11 = -2*l + l, -n + u*l = -14. What are the prime factors of n?
2, 3
List the prime factors of 28 - (-3)/(1 + 2).
29
Let n(o) = o**3 + 6*o**2 - 7*o - 2. Let c be n(-7). Suppose -33 = 3*w - 12. What are the prime factors of 1*(c - 0) - w?
5
Let b(u) = u**2 + 1. Let x be b(3). Suppose h = -h + x. What are the prime factors of h*(2 - (1 - 0))?
5
What are the prime factors of (-95)/10*(0 + -2)?
19
Let x be (8/6)/(1/(-18)). What are the prime factors of -1 + x/9*-6?
3, 5
Suppose 0 = 2*w + 8, -3*w + 22 = 3*h - 2*h. What are the prime factors of h?
2, 17
Suppose 2*w - 5*w = -6. Let k = 0 + w. Let n(a) = -a**3 + 2*a**2 + 3*a - 3. What are the prime factors of n(k)?
3
Let p be ((-248)/4)/(1*2). Let u = p + 53. List the prime factors of u.
2, 11
Suppose -11*d + 6*d = -85. List the prime factors of d.
17
Let v(w) = 23*w**2 - 2*w + 1. Let q(c) = -c**3 + 11*c**2 + c - 10. Let g be q(11). What are the prime factors of v(g)?
2, 11
Let j = 5 + -7. Let g be (4 - 5) + 1*7. Let z = g + j. What are the prime factors of z?
2
Let d(y) = -y**3 + 4*y**2 + 2*y - 4. Suppose 3*f + 4*w = 20, 2*f + w = 8 + 2. What are the prime factors of d(f)?
2
Let t(b) be the first derivative of 7*b**3 + b**2/2 - 8. List the prime factors of t(-1).
2, 5
List the prime factors of ((-2)/8)/(4/(-1552)).
97
Suppose -2*k - 2*k = 12. Let h = 9 - k. List the prime factors of h.
2, 3
Let j(d) = d - 2. Let u be j(6). Suppose 2*f + 36 = u*i - f, 9 = i + 2*f. List the prime factors of i.
3
Let i be 3/3*(-29)/(-1). Suppose 3*z - m = 84 + i, -3*m - 159 = -4*z. List the prime factors of z.
2, 3
Let q = 4 - 0. Suppose q*r = 30 + 22. List the prime factors of r.
13
Let t be (-66)/(-165) - (-4)/(-10)*21. Let a = 14 + 0. Let z = a + t. List the prime factors of z.
2, 3
Let r(i) = i**2 + 9*i + 10. Let o be r(-8). List the prime factors of o/(-3) + (-77)/(-21).
3
Suppose 3*f = -5*n + 26, -21 + 1 = -2*f - 4*n. Let q be 528/28 + (-3)/(-21). Suppose 47 = f*c + q. List the prime factors of c.
2, 7
List the prime factors of 6 - (-22)/(-4) - (-350)/4.
2, 11
Let d be -2 - (-4)/(4/5). Suppose -3*h + 54 = 2*z, 19 = 4*h + d. Suppose -z - 3 = -3*m. What are the prime factors of m?
2
List the prime factors of 2/4*-2 + 1788/6.
3, 11
Let x be 2 - 1*(-2 - -1). Let f(a) = a**2 - 4*a - 12. Let z be f(6). What are the prime factors of z/(x/(-3)) - -10?
2, 5
Suppose 0 = -13*y + 10*y + 96. What are the prime factors of y?
2
Suppose 0 = -t - 12 - 2. Suppose 15 = 2*l + 1. List the prime factors of (-2)/l + (-228)/t.
2
What are the prime factors of 0 + 9*(-3)/(-36)*4?
3
Let z = -6 - -11. Suppose 3*l = -4*p + z*p + 13, -4*p - l = -13. Suppose -2*t = -4*r + 46, -p*t = -0 - 2. What are the prime factors of r?
2, 3
Let h be 1 + 3*(4 + -3). Let q(x) = 2*x**2 - x + 3. List the prime factors of q(h).
31
Let i(s) = s**2 - 11*s + 6. Let o be i(13). Let g = o + -6. What are the prime factors of g?
2, 13
Let n be (13/4)/1*4. Suppose 5*o - n - 32 = 0. Let f = o + -5. What are the prime factors of f?
2
Let x be ((-10)/(-6))/((-2)/(-6)). Let t = -3 + x. Suppose 4*j - 14 = -t. List the prime factors of j.
3
Let b(y) = 0*y - 2*y + 3*y - 4 + 0. What are the prime factors of b(12)?
2
Suppose -m + 16 = 3*m. Suppose -4*i = m*p - 4 + 16, -2*p - i = 1. Suppose -p = 4*t - 10. List the prime factors of t.
2
List the prime factors of -3 - -4 - -70 - 2.
3, 23
What are the prime factors of 9*(88/(-6))/(-4)?
3, 11
Suppose -k - k = 0. Let i(z) = -z + 4. What are the prime factors of i(k)?
2
Suppose 0 = -13*g + 11*g + 170. List the prime factors of g.
5, 17
Suppose 0*h - 30 = 3*h. Let x be 1/3 + h/(-6). Suppose x = c - 2. List the prime factors of c.
2
Let c = 39 + -20. What are the prime factors of c?
19
Suppose 0 = -4*k - 4*j + 202 + 154, 5*k + 4*j - 444 = 0. List the prime factors of k.
2, 11
List the prime factors of (102/(-3))/(-2) + -1.
2
Suppose 0 = u - 3*x + 6, -6*u + 2*u + 3*x - 6 = 0. Let b = u - -19. List the prime factors of b.
19
Let r = 1 - 1. Suppose -40 = -4*h - r. What are the prime factors of h?
2, 5
Let p = -1 + 7. Let a(l) = 2 + p*l - 3*l - 4*l. List the prime factors of a(-2).
2
Let q(h) = -h**3 - 8*h**2 - 12*h - 5. What are the prime factors of q(-8)?
7, 13
Let t(l) = -l**3 + 8*l**2 + 4*l - 19. Let j be t(8). What are the prime factors of (9 - j) + (0 - -32)?
2, 7
Let d = 279 - 70. What are the prime factors of d?
11, 19
Suppose -h - 2 = -2*h. Suppose -h*t = -12 - 4. Suppose s = 2*b + 4*s - t, -2*b = 4*s - 8. What are the prime factors of b?
2
Let x be -10*((-75)/(-6))/(-5). Suppose -h - 4*u + 17 = -x, -2*h + 144 = -4*u. Suppose -3*t = -z - 40, 4*z = -5*t + z + h. What are the prime factors of t?
13
Let k be 34/9 - ((-61)/(-9) + -7). Suppose 2*m - 9 = -m. Suppose -m*d = -5*d + k. List the prime factors of d.
2
Let p be -1*(-9 + (0 - 0)). Suppose -4*h + p*h - 20 = 0. What are the prime factors of h?
2
Let o(g) = -7*g - 12. List the prime factors of o(-3).
3
Let y be ((-3)/2)/(9/96). Suppose 3*u - 3*x + 15 + 0 = 0, 4*u + 17 = 5*x. Let k = u - y. What are the prime factors of k?
2
Suppose 5*d + 5*g - 275 = 0, 107 = 2*d - 3*g + 2*g. What are the prime factors of d?
2, 3
Let p = -